{"id":789,"date":"2020-11-03T14:07:22","date_gmt":"2020-11-03T13:07:22","guid":{"rendered":"https:\/\/www.diamtech.fr\/?post_type=product&#038;p=789"},"modified":"2024-02-20T14:33:22","modified_gmt":"2024-02-20T13:33:22","slug":"mmo-128-meche-a-rainer-dia-corps-hm-z2-dents","status":"publish","type":"product","link":"https:\/\/www.diamtech.fr\/index.php\/produit\/mmo-128-meche-a-rainer-dia-corps-hm-z2-dents\/","title":{"rendered":"M\u00e8che \u00e0 rainer DIA corps HM Z2 dents &#8211; MMO 128"},"content":{"rendered":"<p style=\"text-align: center\"><u><b><i>MECHE<\/i><\/b><\/u><u><b><i> A RAINER DIA CORPS HM Z2 DENTS<\/i><\/b><\/u><\/p>\n<p style=\"text-align: center\"><i>Ht <\/i><i>plaquettes 3,5mm (aff\u00fbtable 4\/5 fois)<br \/>\n<\/i><i>M\u00e8che diamant Z2 coupes n\u00e9gatives, corps de fraise HM int\u00e9gral, excellent pour faire des rainures avec une excellente finition. Id\u00e9al pour le traitement des panneaux de particules brut ou rev\u00eatus, des stratifi\u00e9s, des panneaux MDF et du contreplaqu\u00e9 brut ou rev\u00eatu.<\/i><\/p>\n<p><img loading=\"lazy\" decoding=\"async\" class=\"img-responsive wp-image-793 aligncenter\" src=\"https:\/\/www.diamtech.fr\/wp-content\/uploads\/2020\/11\/picto-caracteristiques-mmo128.jpg\" alt=\"\" width=\"605\" height=\"58\" srcset=\"https:\/\/www.diamtech.fr\/wp-content\/uploads\/2020\/11\/picto-caracteristiques-mmo128.jpg 605w, https:\/\/www.diamtech.fr\/wp-content\/uploads\/2020\/11\/picto-caracteristiques-mmo128-480x46.jpg 480w\" sizes=\"(min-width: 0px) and (max-width: 480px) 480px, (min-width: 481px) 605px, 100vw\" \/><\/p>\n<p><img loading=\"lazy\" decoding=\"async\" class=\"wp-image-780 aligncenter\" src=\"https:\/\/www.diamtech.fr\/wp-content\/uploads\/2020\/11\/materiaux-mmo127.jpg\" alt=\"\" width=\"472\" height=\"63\" \/><\/p>\n<p><img loading=\"lazy\" decoding=\"async\" class=\"wp-image-794 aligncenter\" src=\"https:\/\/www.diamtech.fr\/wp-content\/uploads\/2020\/11\/detail-photo-produit-mmo128.jpg\" alt=\"\" width=\"359\" height=\"141\" \/><\/p>\n<p>&nbsp;<\/p>\n<p><img loading=\"lazy\" decoding=\"async\" class=\"wp-image-2457 aligncenter\" src=\"https:\/\/www.diamtech.fr\/wp-content\/uploads\/2020\/11\/Meche-DIA-MMO128-1.png\" alt=\"\" width=\"612\" height=\"344\" \/><\/p>\n","protected":false},"excerpt":{"rendered":"<p>MECHE A RAINER DIA CORPS HM Z2 DENTS Ht plaquettes 3,5mm (aff\u00fbtable 4\/5 fois) M\u00e8che diamant Z2 coupes n\u00e9gatives, corps de fraise HM int\u00e9gral, excellent pour faire des rainures avec une excellente finition. Id\u00e9al pour le traitement des panneaux de particules brut ou rev\u00eatus, des stratifi\u00e9s, des panneaux MDF et du contreplaqu\u00e9 brut ou rev\u00eatu. [&hellip;]<\/p>\n","protected":false},"featured_media":797,"template":"","meta":{"_et_pb_use_builder":"off","_et_pb_old_content":"<u><b><i>MECHE A RAINER DIA CORPS HM Z1 DENTS<\/i><\/b><\/u>\r\n\r\n<i>Ht plaquettes 3,5 (aff\u00fbtable 4\/5 fois)<\/i>\r\n\r\n<i>M\u00e8che diamant Z1 coupe n\u00e9gative, corps de fraise HM int\u00e9gral, excellent pour faire des rainures avec une excellente finition. Id\u00e9al pour le traitement des panneaux de particules brut ou rev\u00eatus, des stratifi\u00e9s, des panneaux MDF et du contreplaqu\u00e9 brut ou rev\u00eatu.<\/i>\r\n\r\n<img class=\"img-responsive alignleft wp-image-768 size-full\" src=\"https:\/\/www.diamtech.fr\/wp-content\/uploads\/2020\/11\/picto-caracteristiques-mmo127.jpg\" alt=\"\" width=\"762\" height=\"73\" \/>\r\n\r\n\u00a0\r\n\r\n\u00a0\r\n\r\n<img class=\"wp-image-780 size-full alignleft\" src=\"https:\/\/www.diamtech.fr\/wp-content\/uploads\/2020\/11\/materiaux-mmo127.jpg\" alt=\"\" width=\"554\" height=\"74\" \/>\r\n\r\n\u00a0\r\n\r\n\u00a0\r\n\r\n<img class=\"wp-image-779 size-full alignleft\" src=\"https:\/\/www.diamtech.fr\/wp-content\/uploads\/2020\/11\/detail-photo-produit-mmo127.jpg\" alt=\"\" width=\"590\" height=\"208\" \/>\r\n\r\n\u00a0\r\n\r\n\u00a0\r\n\r\n\u00a0\r\n\r\n\u00a0\r\n<table style=\"height: 229px;width: 935px\">\r\n<tbody>\r\n<tr style=\"height: 73px\">\r\n<td style=\"width: 150px;height: 73px\"><b>R\u00e9f Rot Droite<\/b><\/td>\r\n<td style=\"width: 185px;height: 73px\"><b>R\u00e9f Rot Gauche<\/b><\/td>\r\n<td style=\"width: 33px;height: 73px\"><b>\u00d8<\/b><\/td>\r\n<td style=\"width: 47px;height: 73px\"><b>LU1<\/b><\/td>\r\n<td style=\"width: 49px;height: 73px\"><b>LU2<\/b><\/td>\r\n<td style=\"width: 46px;height: 73px\"><b>Z <\/b><b>Tot<\/b><\/td>\r\n<td style=\"width: 51px;height: 73px\"><b>A <\/b><b>Ass<\/b><\/td>\r\n<td style=\"width: 35px;height: 73px\"><b>H<\/b><\/td>\r\n<td style=\"width: 39px;height: 73px\"><b>Lt<\/b><\/td>\r\n<td style=\"width: 43px;height: 73px\"><b>DS\/LS<\/b><\/td>\r\n<td style=\"width: 70px;height: 73px\"><img class=\"aligncenter size-full wp-image-534\" src=\"https:\/\/www.diamtech.fr\/wp-content\/uploads\/2020\/10\/Sans-titre-4.jpg\" alt=\"\" width=\"49\" height=\"17\" \/><\/td>\r\n<td style=\"width: 111px;height: 73px\"><img class=\"aligncenter size-full wp-image-535\" src=\"https:\/\/www.diamtech.fr\/wp-content\/uploads\/2020\/10\/Sans-titre-5.jpg\" alt=\"\" width=\"35\" height=\"25\" \/><\/td>\r\n<\/tr>\r\n<tr style=\"height: 28px\">\r\n<td style=\"width: 150px;height: 28px\"><b>MMO 127.0410.06.R<\/b><\/td>\r\n<td style=\"width: 185px;height: 28px\"><\/td>\r\n<td style=\"width: 33px;height: 28px\">4<\/td>\r\n<td style=\"width: 47px;height: 28px\">10<\/td>\r\n<td style=\"width: 49px;height: 28px\">11<\/td>\r\n<td style=\"width: 46px;height: 28px\">1<\/td>\r\n<td style=\"width: 51px;height: 28px\">-2\u00b0<\/td>\r\n<td style=\"width: 35px;height: 28px\">3,5<\/td>\r\n<td style=\"width: 39px;height: 28px\">60<\/td>\r\n<td style=\"width: 43px;height: 28px\">6x40<\/td>\r\n<td style=\"width: 70px;height: 28px\">2 ml\/1\u2019<\/td>\r\n<td style=\"width: 111px;height: 28px\">18.000 \u00e0 20.000<\/td>\r\n<\/tr>\r\n<tr style=\"height: 40px\">\r\n<td style=\"width: 150px;height: 40px\"><b>MMO 127.0612.06.R<\/b><\/td>\r\n<td style=\"width: 185px;height: 40px\"><\/td>\r\n<td style=\"width: 33px;height: 40px\">6<\/td>\r\n<td style=\"width: 47px;height: 40px\">12<\/td>\r\n<td style=\"width: 49px;height: 40px\">19<\/td>\r\n<td style=\"width: 46px;height: 40px\">1<\/td>\r\n<td style=\"width: 51px;height: 40px\">-3\u00b0<\/td>\r\n<td style=\"width: 35px;height: 40px\">3,5<\/td>\r\n<td style=\"width: 39px;height: 40px\">60<\/td>\r\n<td style=\"width: 43px;height: 40px\">6x40<\/td>\r\n<td style=\"width: 70px;height: 40px\">3 ml\/1\u2019<\/td>\r\n<td style=\"width: 111px;height: 40px\">15.000 \u00e0 20.000<\/td>\r\n<\/tr>\r\n<tr style=\"height: 38px\">\r\n<td style=\"width: 150px;height: 38px\"><b>MMO 127.0815.08.R<\/b><\/td>\r\n<td style=\"width: 185px;height: 38px\"><\/td>\r\n<td style=\"width: 33px;height: 38px\">8<\/td>\r\n<td style=\"width: 47px;height: 38px\">15<\/td>\r\n<td style=\"width: 49px;height: 38px\">23<\/td>\r\n<td style=\"width: 46px;height: 38px\">1<\/td>\r\n<td style=\"width: 51px;height: 38px\">-6\u00b0<\/td>\r\n<td style=\"width: 35px;height: 38px\">3,5<\/td>\r\n<td style=\"width: 39px;height: 38px\">70<\/td>\r\n<td style=\"width: 43px;height: 38px\">8x45<\/td>\r\n<td style=\"width: 70px;height: 38px\">4 ml\/1\u2019<\/td>\r\n<td style=\"width: 111px;height: 38px\">15.000 \u00e0 20.000<\/td>\r\n<\/tr>\r\n<\/tbody>\r\n<\/table>\r\n\u00a0","_et_gb_content_width":""},"product_cat":[92,43],"product_tag":[],"_links":{"self":[{"href":"https:\/\/www.diamtech.fr\/index.php\/wp-json\/wp\/v2\/product\/789"}],"collection":[{"href":"https:\/\/www.diamtech.fr\/index.php\/wp-json\/wp\/v2\/product"}],"about":[{"href":"https:\/\/www.diamtech.fr\/index.php\/wp-json\/wp\/v2\/types\/product"}],"wp:featuredmedia":[{"embeddable":true,"href":"https:\/\/www.diamtech.fr\/index.php\/wp-json\/wp\/v2\/media\/797"}],"wp:attachment":[{"href":"https:\/\/www.diamtech.fr\/index.php\/wp-json\/wp\/v2\/media?parent=789"}],"wp:term":[{"taxonomy":"product_cat","embeddable":true,"href":"https:\/\/www.diamtech.fr\/index.php\/wp-json\/wp\/v2\/product_cat?post=789"},{"taxonomy":"product_tag","embeddable":true,"href":"https:\/\/www.diamtech.fr\/index.php\/wp-json\/wp\/v2\/product_tag?post=789"}],"curies":[{"name":"wp","href":"https:\/\/api.w.org\/{rel}","templated":true}]}}