{"id":763,"date":"2020-11-03T12:01:08","date_gmt":"2020-11-03T11:01:08","guid":{"rendered":"https:\/\/www.diamtech.fr\/?post_type=product&#038;p=763"},"modified":"2025-10-08T16:57:31","modified_gmt":"2025-10-08T14:57:31","slug":"mmo-127-meche-a-rainer-dia-corps-hm-z1-dents","status":"publish","type":"product","link":"https:\/\/www.diamtech.fr\/index.php\/produit\/mmo-127-meche-a-rainer-dia-corps-hm-z1-dents\/","title":{"rendered":"M\u00e8che \u00e0 rainer DIA corps HM Z1 dents &#8211; MMO 127"},"content":{"rendered":"<p style=\"text-align: center\"><u><b><i>MECHE<\/i><\/b><\/u><u><b><i> A RAINER DIA CORPS HM Z1 DENTS<\/i><\/b><\/u><\/p>\n<p style=\"text-align: center\"><i>Ht\u00a0<\/i><i>plaquettes 3,5mm (aff\u00fbtable 4\/5 fois) <\/i><i>M\u00e8che diamant Z1 coupes n\u00e9gatives, corps de fraise HM int\u00e9gral, excellent pour faire des rainures avec une excellente finition. Id\u00e9al pour le traitement des panneaux de particules brut ou rev\u00eatus, des stratifi\u00e9s, des panneaux MDF et du contreplaqu\u00e9 brut ou rev\u00eatu.<\/i><\/p>\n<p style=\"text-align: center\"><img loading=\"lazy\" decoding=\"async\" class=\"wp-image-2460 aligncenter\" src=\"https:\/\/www.diamtech.fr\/wp-content\/uploads\/2020\/11\/Meche-DIA-MMO127.png\" alt=\"\" width=\"583\" height=\"70\" srcset=\"https:\/\/www.diamtech.fr\/wp-content\/uploads\/2020\/11\/Meche-DIA-MMO127.png 583w, https:\/\/www.diamtech.fr\/wp-content\/uploads\/2020\/11\/Meche-DIA-MMO127-480x58.png 480w\" sizes=\"(min-width: 0px) and (max-width: 480px) 480px, (min-width: 481px) 583px, 100vw\" \/><img loading=\"lazy\" decoding=\"async\" class=\"wp-image-2461 aligncenter\" src=\"https:\/\/www.diamtech.fr\/wp-content\/uploads\/2020\/11\/Meche-DIA-MMO1271.png\" alt=\"\" width=\"580\" height=\"93\" srcset=\"https:\/\/www.diamtech.fr\/wp-content\/uploads\/2020\/11\/Meche-DIA-MMO1271.png 580w, https:\/\/www.diamtech.fr\/wp-content\/uploads\/2020\/11\/Meche-DIA-MMO1271-480x77.png 480w\" sizes=\"(min-width: 0px) and (max-width: 480px) 480px, (min-width: 481px) 580px, 100vw\" \/><\/p>\n<p style=\"text-align: center\">\n<p style=\"text-align: center\">\n<p style=\"text-align: center\">\n<p style=\"text-align: center\"><u style=\"text-align: center\"><b><i><img loading=\"lazy\" decoding=\"async\" class=\"alignnone wp-image-2469\" src=\"https:\/\/www.diamtech.fr\/wp-content\/uploads\/2020\/11\/Meche-DIA-MMO1274-1.png\" alt=\"\" width=\"640\" height=\"295\" \/><\/i><\/b><\/u><\/p>\n","protected":false},"excerpt":{"rendered":"<p>MECHE A RAINER DIA CORPS HM Z1 DENTS Ht\u00a0plaquettes 3,5mm (aff\u00fbtable 4\/5 fois) M\u00e8che diamant Z1 coupes n\u00e9gatives, corps de fraise HM int\u00e9gral, excellent pour faire des rainures avec une excellente finition. Id\u00e9al pour le traitement des panneaux de particules brut ou rev\u00eatus, des stratifi\u00e9s, des panneaux MDF et du contreplaqu\u00e9 brut ou rev\u00eatu.<\/p>\n","protected":false},"featured_media":5325,"template":"","meta":{"_et_pb_use_builder":"off","_et_pb_old_content":"<p style=\"text-align: center\"><u><b><i>MECHE<\/i><\/b><\/u><u><b><i> A RAINER DIA CORPS HM Z1 DENTS<\/i><\/b><\/u><\/p>\r\n<p style=\"text-align: center\"><i>Ht\u00a0<\/i><i>plaquettes 3,5mm (aff\u00fbtable 4\/5 fois)\r\n<\/i><i>M\u00e8che diamant Z1 coupes n\u00e9gatives, corps de fraise HM int\u00e9gral, excellent pour faire des rainures avec une excellente finition. Id\u00e9al pour le traitement des panneaux de particules brut ou rev\u00eatus, des stratifi\u00e9s, des panneaux MDF et du contreplaqu\u00e9 brut ou rev\u00eatu.<\/i><\/p>\r\n<img class=\"wp-image-2460 aligncenter\" src=\"https:\/\/www.diamtech.fr\/wp-content\/uploads\/2020\/11\/Meche-DIA-MMO127.png\" alt=\"\" width=\"583\" height=\"70\" \/><img class=\"wp-image-2461 aligncenter\" src=\"https:\/\/www.diamtech.fr\/wp-content\/uploads\/2020\/11\/Meche-DIA-MMO1271.png\" alt=\"\" width=\"580\" height=\"93\" \/><img class=\"aligncenter wp-image-2462 \" src=\"https:\/\/www.diamtech.fr\/wp-content\/uploads\/2020\/11\/Meche-DIA-MMO1272.png\" alt=\"\" width=\"497\" height=\"232\" \/><img class=\"wp-image-2464 aligncenter\" src=\"https:\/\/www.diamtech.fr\/wp-content\/uploads\/2020\/11\/Meche-DIA-MMO1274.png\" alt=\"\" width=\"590\" height=\"273\" \/>\r\n\r\n\u00a0","_et_gb_content_width":""},"product_cat":[91,43],"product_tag":[],"_links":{"self":[{"href":"https:\/\/www.diamtech.fr\/index.php\/wp-json\/wp\/v2\/product\/763"}],"collection":[{"href":"https:\/\/www.diamtech.fr\/index.php\/wp-json\/wp\/v2\/product"}],"about":[{"href":"https:\/\/www.diamtech.fr\/index.php\/wp-json\/wp\/v2\/types\/product"}],"wp:featuredmedia":[{"embeddable":true,"href":"https:\/\/www.diamtech.fr\/index.php\/wp-json\/wp\/v2\/media\/5325"}],"wp:attachment":[{"href":"https:\/\/www.diamtech.fr\/index.php\/wp-json\/wp\/v2\/media?parent=763"}],"wp:term":[{"taxonomy":"product_cat","embeddable":true,"href":"https:\/\/www.diamtech.fr\/index.php\/wp-json\/wp\/v2\/product_cat?post=763"},{"taxonomy":"product_tag","embeddable":true,"href":"https:\/\/www.diamtech.fr\/index.php\/wp-json\/wp\/v2\/product_tag?post=763"}],"curies":[{"name":"wp","href":"https:\/\/api.w.org\/{rel}","templated":true}]}}