{"id":4059,"date":"2023-10-13T12:06:35","date_gmt":"2023-10-13T10:06:35","guid":{"rendered":"https:\/\/www.diamtech.fr\/?post_type=product&#038;p=4059"},"modified":"2024-02-05T15:51:55","modified_gmt":"2024-02-05T14:51:55","slug":"meche-nesting-dia-helicoidale-negative-z22-mmo-111","status":"publish","type":"product","link":"https:\/\/www.diamtech.fr\/index.php\/produit\/meche-nesting-dia-helicoidale-negative-z22-mmo-111\/","title":{"rendered":"M\u00e8che Nesting DIA H\u00e9lico\u00efdale N\u00e9gative Z2+2 &#8211; MMO 111"},"content":{"rendered":"<p style=\"text-align: center\">M\u00e8che DIA corps TRIAMET, id\u00e9al pour le Nesting avec un angle axial de 25\u00b0.<br \/>\n<i>Recommand\u00e9e pour le travail du contreplaqu\u00e9 gr\u00e2ce au canal de d\u00e9charge de copeaux \u00e9lev\u00e9.<\/i><\/p>\n<p><img loading=\"lazy\" decoding=\"async\" class=\"wp-image-4061 alignleft\" src=\"https:\/\/www.diamtech.fr\/wp-content\/uploads\/2023\/10\/Meche-Nesting-DIA-Helicoidale-Negative-Z22-MMO-111-1.png\" alt=\"\" width=\"391\" height=\"91\" \/><img loading=\"lazy\" decoding=\"async\" class=\"wp-image-4060 alignleft\" src=\"https:\/\/www.diamtech.fr\/wp-content\/uploads\/2023\/10\/Meche-Nesting-DIA-Helicoidale-Negative-Z22-MMO-111.png\" alt=\"\" width=\"197\" height=\"70\" \/><\/p>\n<p>&nbsp;<\/p>\n<p>&nbsp;<\/p>\n<p><img loading=\"lazy\" decoding=\"async\" class=\"wp-image-4062 aligncenter\" src=\"https:\/\/www.diamtech.fr\/wp-content\/uploads\/2023\/10\/Meche-Nesting-DIA-Helicoidale-Negative-Z22-MMO-111-2.png\" alt=\"\" width=\"707\" height=\"418\" \/><\/p>\n","protected":false},"excerpt":{"rendered":"<p>M\u00e8che DIA corps TRIAMET, id\u00e9al pour le Nesting avec un angle axial de 25\u00b0. Recommand\u00e9e pour le travail du contreplaqu\u00e9 gr\u00e2ce au canal de d\u00e9charge de copeaux \u00e9lev\u00e9. &nbsp; &nbsp;<\/p>\n","protected":false},"featured_media":4093,"template":"","meta":{"_et_pb_use_builder":"","_et_pb_old_content":"","_et_gb_content_width":""},"product_cat":[126],"product_tag":[],"_links":{"self":[{"href":"https:\/\/www.diamtech.fr\/index.php\/wp-json\/wp\/v2\/product\/4059"}],"collection":[{"href":"https:\/\/www.diamtech.fr\/index.php\/wp-json\/wp\/v2\/product"}],"about":[{"href":"https:\/\/www.diamtech.fr\/index.php\/wp-json\/wp\/v2\/types\/product"}],"wp:featuredmedia":[{"embeddable":true,"href":"https:\/\/www.diamtech.fr\/index.php\/wp-json\/wp\/v2\/media\/4093"}],"wp:attachment":[{"href":"https:\/\/www.diamtech.fr\/index.php\/wp-json\/wp\/v2\/media?parent=4059"}],"wp:term":[{"taxonomy":"product_cat","embeddable":true,"href":"https:\/\/www.diamtech.fr\/index.php\/wp-json\/wp\/v2\/product_cat?post=4059"},{"taxonomy":"product_tag","embeddable":true,"href":"https:\/\/www.diamtech.fr\/index.php\/wp-json\/wp\/v2\/product_tag?post=4059"}],"curies":[{"name":"wp","href":"https:\/\/api.w.org\/{rel}","templated":true}]}}